 3 + 5).
8
-2 - 1 - ((12 - (40 + -15)) + -6)
16
What is 4 + 0 + -452 + 500?
52
Evaluate 4 + (-1 - 23 - (98 - (8 + 24))).
-86
What is the value of 38 - (-9 + 15 - 4) - -8?
44
Calculate 75 + -75 + 161 + -78.
83
What is the value of 37 - 1 - (730 + -293 + -293)?
-108
Evaluate 56 + -68 + 38 + -23.
3
What is (21 - (13 + 12)) + (-40 - -3)?
-41
Calculate 1 + (-12 - -23 - 24) + 63.
51
Calculate 0 - -1 - (-3 + 6 - 4) - (30 - -55).
-83
Evaluate 2 - ((-1 + -19 - 9) + 22).
9
Evaluate (-17 - (7 + -62)) + -49 + 11.
0
Calculate 35 + (-13 - (28 - 24)) + -41 - 117.
-140
Calculate (73 - -18 - 28) + (-1 + -3 - 14).
45
Calculate (84 + -152 - -58) + 18 + 1 + -2.
7
What is the value of -39 + 4 + -144 + 278?
99
Evaluate -19 - (-17 + -7 + -20) - 18.
7
What is (-3 - 7 - 1) + (-60 - -51)?
-20
-17 - (-18 + (-17 - (7 - 13)))
12
What is (1 - -5) + 44 + -12 + (4 - 2)?
40
What is (-27 - -305) + -295 - (-87 - (-1 - 0))?
69
Evaluate 54 + -3 + 24 + -17 + -7.
51
22 - (-68 - -130 - (12 + -10))
-38
What is 1 - -2 - (1099 + -1120 + 1 + 48 + 0)?
-25
What is the value of 118 + (-21 - 58) - 129?
-90
What is -9 + 7 + (125 - (58 - 28))?
93
Evaluate 12 - ((26 - -37) + -99).
48
What is -25 + (118 - 132) + (-1 - 0)?
-40
What is the value of 44 - (21 - -15 - -50)?
-42
Calculate 955 - 962 - ((4 + -1 - -30) + 0).
-40
Calculate 83 + 44 - 45 - 10.
72
What is -38 + (15 - (24 + -3)) + -10 + -21?
-75
Evaluate (-6 - (-28 + 13 + 2)) + (26 - -5).
38
What is the value of 28 + (-20 + -8 - 18) + 28?
10
What is the value of -123 - (-63 - -95 - 109)?
-46
What is the value of 39 - -1 - (-199 - -425) - -42?
-144
-33 + (4 - (-3 + -3) - (-6 + 8 - -7))
-32
What is (-619 - -623) + -13 + 3 + 151?
145
45 + (7 - 1 - (-9 + -21 + 35) - 6)
40
Evaluate -38 - 1 - ((11 - (2 + 7)) + (-36 - -43)).
-48
(49 - (41 - 4)) + -19
-7
Evaluate 28 + -37 + 6 + (-2 - 4 - -46).
37
183 + (91 - 289) - (2 + 68)
-85
Evaluate 0 + -103 + (2649 - 2566).
-20
(1677 - 1662) + (-2 - 39) + -2
-28
-40 + -36 - -38 - -59
21
What is the value of -81 - (86 - 14 - 137)?
-16
6 - ((-820 - -814) + (2 + 0 - 10))
20
4 - (-7 + 4) - 13 - (-12 + (-10 - -51))
-35
Calculate -184 + 169 + -13 + 0 - 8.
-36
Evaluate (-11 - (29 + -17) - -61) + -16.
22
What is -24 - (-11 + 1) - -4 - (-1 - 24)?
15
Calculate -2 - 69 - (9 + (62 - 38) + -24).
-80
Calculate -9 + (10 - (-3 + (8 - 1))) + (45 - 5).
37
Evaluate -28 - -78 - 92 - -53.
11
Evaluate (-29 + 10 - -8) + -44 + (14 - 0).
-41
What is 47 - 41 - (0 + -7) - 25?
-12
-28 - ((-4 - -7) + (28 - 22) + -7 + -3)
-27
2519 + -2575 - (-99 - 0)
43
What is the value of -16 + (59 + -27 - 25) - (22 - -1)?
-32
What is 0 + -24 - (-21 + 21 + 21)?
-45
What is -41 - (-170 + 180 + -51)?
0
(10 - -1 - 2) + (2532 - 2527) + (1 - -2)
17
What is the value of -12 + -1 - (-23 + -74 + 112)?
-28
63 - 57 - (27 - (-6 + 0))
-27
-14 + -21 + (-41 - -48) + 45
17
What is 27 - 2 - (-766 + 764)?
27
18 + -1 - (0 - -12 - (88 - 99))
-6
-136 - ((17 - 3) + -63)
-87
What is -46 + 9 + 9 + (0 + -6 - -1)?
-33
Evaluate (205 - 121) + 2 + -105.
-19
What is -39 - -33 - (-46 + 3) - (2 - 0)?
35
48 + (7 - 13) + -14
28
Calculate 0 + -1 + (41 - (-20 - -50)) - -29.
39
Evaluate -76 - (-50 + 39 - (-1 - -3) - -28).
-91
What is (-26 - -39) + -36 - (-11 - -1)?
-13
What is the value of (1 - -4) + (58 - (-32 + 107)) - (-1 + 4)?
-15
What is 7 + 179 + (-167 - -83)?
102
What is (-19 - -1) + (-6 - (-41 + 8 + 43))?
-34
Evaluate -105 - (-57 - 69) - (32 + -2).
-9
50 + (-36 - (-50 + 38))
26
What is the value of (-25 - -28) + -35 - 58?
-90
What is the value of 1 + 53 + 28 + -11 + (1 - 13)?
59
What is 1 - -2 - (-83 + (-16 - -104))?
-2
Evaluate -1 - 64 - (6 - (15 + -58) - 68).
-46
What is the value of 3 + 0 + 1 + (13 - 23) - 19?
-25
Evaluate 8 - (-101 + 21 + 37).
51
What is (6 + (1 - -6 - 8) + 3 - -64) + -6?
66
Calculate -44 + (-26 - 3) + 78.
5
What is (15 + -54 - (-9 - (-11 + 11))) + 15?
-15
Evaluate (-80 - -66) + (12 - (0 - 2)).
0
Evaluate (-51 - -63) + 1 + 50.
63
Evaluate 679 + -682 + 9 + -2.
4
What is the value of 18 - (-31 + 80 + -46)?
15
What is 6 + -22 + (-2 + 5 - -2)?
-11
What is 6 + 2 + -14 - (37 - 65)?
22
-3 + (5 + 0 + 14 - 7) - (-15 + -4)
28
What is 21 + -12 + 14 - (19 - 37 - 21)?
62
What is the value of 73 - 94 - 47 - (6 + -2 - -13)?
-85
Evaluate (-94 - (36 + -158)) + 69.
97
What is 12 - (88 + (81 - 250))?
93
Evaluate 35 - (10 - (-22 + 27 + 8 + -2 + -9)).
27
-26 + (2 - -35) + -44
-33
What is the value of (236 - (-39 - -186)) + -160?
-71
What is 35 - (-7 - 20 - -48)?
14
What is the value of -21 + 216 + -50 + -34?
111
Calculate 6 - (-11 + -11 + 8 - (-36 + 143)).
127
What is (-13 - ((9 - (-10 - -5)) + 10 + -29)) + 110?
102
3 + -41 - (-13 - (-40 - -13 - (7 + -21)))
-38
What is the value of 4 - 1 - -84 - (-88 - (12 + -92))?
95
What is the value of (72 - 33 - 11) + -17 - (0 + (-77 - -3))?
85
-36 + 61 - -11 - 66
-30
Evaluate -6 + (-37 + 9 - -71).
37
Evaluate 30 - (-4 - ((2 - 2) + (2 - 3))).
33
What is the value of -6 + -5 + 52 + -8 - (-1 + 4)?
30
Evaluate -4 + -32 + 38 - ((-5 - -3) + 0 + 2).
2
(19 - 61) + 11 - 16 - 32
-79
Evaluate 6 - (13 + -6 + (7 - (8 - -3))).
3
Calculate (41 - 0) + (115 - 113 - 39).
4
Calculate (-21 - -39 - (1 - -3)) + -7 + -4 - -12.
15
What is (-44 - (-45 + 17) - 28) + -5?
-49
What is (2 - 1) + 48 + -88 + (-4 - (0 - 2))?
-41
Calculate (2 - 37 - -10) + 55 - 104.
-74
Evaluate -266 + 140 + 282 - 219.
-63
Calculate (-96 - -7) + (13 - -53 - 84).
-107
What is (5 - (-14 - (-6 - (-15 + 20)))) + 46?
54
What is (11 + 16 - 14) + 6 + 6 + -50?
-25
Evaluate 59 + (10 - 41) + -65.
-37
What is the value of (971 - 960) + 5 + -37 + (5 - -2)?
-14
What is -28 + (-23 - -51) + 11?
11
Evaluate 0 + -9 + 0 + 23 + (-251 - -234).
-3
(-2 - 2) + -2 + -37 + -76 + 193
74
Calculate 9 - (-14 - -26 - (26 + (-14 - -19))).
28
Evaluate -99 + (24 - -105 - -35).
65
What is the value of 35 + (-13 - -2) - (70 - -26)?
-72
What is the value of -37 + (13 - (2 + (20 - (-16 - -12))))?
-50
(186 - 170 - (-1 + 11)) + -3 + 32
35
Evaluate -100 + (-5 - (-5 - -2) - ((-9 - -31) + -11)).
-113
Calculate 49 + -53 + 7 + (4 - 4).
3
Evaluate (133 - 17 - 113) + -73 + 0.
-70
Evaluate (9 - 8 - (9 - 1)) + 72 + -2 + 2.
65
-1 + -2 + 0 + -1 + -6 - (1250 - 1209)
-51
16 + 14 + 3 + -15 + -6 + -43
-31
What is -27 + (20 - 60) + 48?
-19
3 + -9 + -4 + -2 + (8 - (-16 - -25))
-13
-9 + 15 - 13 - ((19 - 26) + (1 - -2))
-3
What is (-12 - (-10 + 142)) + (10 + 11 - 0)?
-123
Evaluate 8 - -16 - 25 - (-52 + 61).
-10
Calculate (12 - 11) + 24 + -192 + 116.
-51
Calculate (19 + (-2 - 10) + -3 - 5) + (-8 - 2).
-11
Evaluate -133 - (-114 + (178 - 134)).
-63
Evaluate (4 - 8) + (-27 + 10 - -2).
-19
What is (18 - 2) + (20 - 83) + 76?
29
What is (67 - 28) + 127 + -111?
55
What is the value of -4 + (31 + -97 - -101)?
31
Evaluate 64 + -129 + -134 + 97.
-102
Calculate (12 - (0 + -9 + -3)) + 6 + 8.
38
Calculate -17 - (-2 - -39) - (-3 - (5 - 2 - 2)).
-50
Calculate (6 - -4) + (-7 + 2 + 4 - 4) - 60.
-55
Calculate 91 + (-2 + 5 - ((-2 - 3 - -9) + 6)).
84
Calculate 26 + -145 + 48 + 12.
-59
4 - (-24 + 10 + (2 - 3) + 13)
6
Calculate 0 - (69 - 72 - (1 - -34)).
38
What is 18 - -2 - (83 + 19 + -49)?
-33
(-2 - (6 - -3)) + -4 + (163 - 116) + 101
133
Evaluate -217 - -101 - -125 - 2.
7
What is (1 + -5 - 2) + (21 + 22 + 80 - 24)?
93
Evaluate -12 + (-1 + (-23 + 11 - -17) - -12).
4
Calculate 12 - (-14 - (-4 - -15)) - 15.
22
1 - 0 - (-92 - (-141 + 28))
-20
Evaluate 3488 - 3552 - (-3 - -26).
-87
Calculate -27 + (-8 - -17 - -1) + -1 + -3 + -11.
-32
Evaluate 12 + (5 + 15 - 13 - -44) - -14.
77
Calculate (8 - -8 - ((22 - 21) + 20)) + 93.
88
1 - -1 - -9 - (-345 - -331)
25
5 + 2 + (67 - 51 - (0 + -24))
47
Calculate -589 + 516 - (-28 - -1).
-46
Evaluate (6 - 25) + 20 - (-6 - (-36 + -10)).
-39
What is the value of -16 - ((2 - (-19 + 2)) + -15)?
-20
Evaluate -2 + 17 + (-8 - 8).
-1
What is -9 + -9 + 6 - (-550 - -633)?
-95
What is -52 - ((-1 - -4) + (-21 - (14 + -29)))?
-49
2 + -29 + -13 + (5 - (7 - (5 + -5)))
-42
-11 - (-6 + -1 + -62 + 1 + -3) - -11
71
-747 - -872 - (64 + 0)
61
Evaluate (-60 - -14 - -54) + -53.
-45
-28 + (36 - (-40 + 36))
12
Calculate 42 - (28 - -14) - -9 - ((1 - -1) + -1).
8
Evaluate 118 - (35 - -27 - -26).
30
Calculate -39 - (-3 - -2) - (10 + -13 + (-14 - -23)).
-44
(-15 - 36 - 5) + -253 + 215
-94
-4 + (-1 - 22) + (4 + -12 - -17) - 11
-29
5 + 5 + (11 - 8) + 4 + 14
31
What is (